 (-3)/(-6)*(i + 103) a composite number?
True
Is (-3)/4 - (-553)/28 a prime number?
True
Let d(s) = 29*s + 13. Is d(14) composite?
False
Let p = -144 - -1625. Is p a prime number?
True
Suppose 0 = -x - 5 - 7. Is (0 - 21/x)*8 composite?
True
Let y(p) = 6*p**2 - 8*p + 7. Let r be y(6). Let f = 211 + r. Is f prime?
False
Suppose -5*l = -7*l. Suppose 143 = v - l*v. Is v a composite number?
True
Suppose -3*f - 2268 = -8187. Is f prime?
True
Suppose 3*v + 12 = 5*v. Suppose r - c + 374 = v*r, -2*r - 5*c = -168. Is r a prime number?
False
Let a = 50 + -73. Let d be ((-12)/5)/((-6)/105). Let c = d + a. Is c a composite number?
False
Suppose k - 4*j - j = 43, 107 = 5*k + 2*j. Let f = 42 - k. Is f prime?
True
Suppose -55 - 41 = -3*o. Let q = o - 14. Let u = -9 + q. Is u prime?
False
Is 13/(325/2280) - (-1)/(-5) composite?
True
Suppose 0 = -o + n + 1000 - 211, 0 = -n - 2. Is o composite?
False
Let q = 2 - 7. Let d be ((-4)/q)/((-2)/(-5)). Suppose 0 = -u + d*u - 11. Is u a prime number?
True
Suppose n + 4*n + 859 = 4*a, -2*a + 4*n + 434 = 0. Is a a composite number?
False
Let v = 2522 - 768. Is v a prime number?
False
Let v(u) be the third derivative of u**5/6 - u**4/24 + 2*u**3/3 - u**2. Let j(k) = -3*k. Let o be j(-1). Is v(o) a composite number?
True
Let h = 1629 + -638. Is h a prime number?
True
Suppose u - 3*u - 2*w = -5492, -8240 = -3*u - 5*w. Let x = 8 + -6. Is x/7 - u/(-21) a prime number?
True
Suppose 4*f - 42 = 3*z + 29, 0 = 2*f - 3*z - 37. Suppose 4*m + a = f - 1, 2*m - 8 = -4*a. Suppose -m*l = -l - 291. Is l a composite number?
False
Let i(o) = o**3 + 7*o**2 - 4*o + 7. Suppose -5*q = -6*j + 2*j - 35, -4*q = -12. Let h be i(j). Suppose h = -2*f + 211. Is f prime?
True
Let w be -2 - (2 + -8 + 1). Is w + -3 + (-89)/(-1) prime?
True
Suppose -5*u - 2*w + 5397 = 0, 3*w + 2*w = 4*u - 4344. Is u a prime number?
False
Is (0 - -1)*(223 - 2) a prime number?
False
Let y = -53 + 90. Suppose -100 = -4*a + 4*j, -y = -4*a + 3*a + 5*j. Is a a prime number?
False
Suppose 5 = i - 0. Suppose -1 = k + 4, i*t - 685 = -4*k. Is t prime?
False
Suppose 5*a - 501 + 16 = 0. Is a prime?
True
Let u(b) = 114*b**2 - 1. Is u(-1) prime?
True
Suppose 0 = 3*o - 5*c + 114, 0 = 4*c - 5 - 7. Let x = 70 + o. Is x composite?
False
Is 1/7 - 678/(-7) composite?
False
Suppose 55 = z - 22. Is z prime?
False
Let m(p) be the first derivative of -p**4/4 - p**3/3 + 2*p + 3. Let b be m(0). Suppose -b*c - 5*z + 29 + 24 = 0, 2*c + 2*z = 38. Is c a composite number?
True
Let i(y) = -y**2 - 7*y - 3. Let p be i(-6). Let s(z) be the second derivative of z**4/6 - z**3/3 - z**2/2 - z. Is s(p) a composite number?
False
Let n(j) = 78*j**2 + 4*j + 2. Let c be n(-2). Let t = -137 + c. Is t prime?
False
Let n(w) = 144*w - 5. Is n(7) a composite number?
True
Suppose -3*x - p = -593, 5*p + 219 = 4*x - 3*x. Is x composite?
False
Suppose -3*l = -463 - 275. Is (-3)/(-12) + l/8 a prime number?
True
Is ((-1407)/(-12))/(4/16) a prime number?
False
Suppose 2*h - 5 = 5. Let r = h - -14. Is r prime?
True
Let z(x) = 5 - 5 + 3*x**2 + x. Let q be z(-1). Suppose -q*r + 27 = b, -2*r = -5*b + 95 + 4. Is b a prime number?
False
Let v(h) = -30*h**3 + h**2 + h + 1. Suppose -5*c + 0 = 5. Is v(c) composite?
False
Let d = 82 + -47. Is d a composite number?
True
Suppose 2*u + 2*w - 10 = 6*w, 3*u = -5*w + 4. Suppose -b + u + 0 = 0. Let c(p) = -p**3 + 4*p**2 - 3*p + 3. Is c(b) prime?
True
Suppose 5*j - 2*a = 1476, 0 = -3*a + 2 + 4. Let f = j + -165. Suppose 0*n = n - f. Is n a prime number?
True
Let s be 0/(-2) + -1 + 68. Let v be ((-28)/(-6))/((-2)/6). Let z = v + s. Is z a prime number?
True
Let h(b) = 1 + 3 + 186*b**2 - 5. Is h(-1) composite?
True
Let n(y) = -2*y - 2. Let v be n(-8). Let c(o) = 15*o + 13. Is c(v) a composite number?
False
Let k(x) = -x + 8. Let m be k(6). Suppose 6*h = 4*h - m*q, 4*q + 25 = h. Suppose h*a - 306 = -91. Is a prime?
True
Let y(x) be the third derivative of x**4/24 - x**3/6 + x**2. Let k be y(4). Suppose a - 3*h - h - 211 = 0, 617 = k*a - 4*h. Is a a composite number?
True
Suppose 128 = -3*v + 7*v. Let h be (6/8)/(4/v). Suppose 3*z = 2*d + 111, h*d - 111 = -3*z + 3*d. Is z prime?
True
Let u be 4/(-22) + (-40497)/(-33). Suppose 3*m = -0*m + u. Is m a prime number?
True
Suppose 3*o - 16 = 3*h - 2*h, -28 = -5*o + 2*h. Suppose -i - o = 4. Is 4*38/i*-1 a prime number?
True
Let n(u) = 94*u**2 - 5*u + 7. Is n(2) a composite number?
False
Suppose 0*h - 4*g = h - 1, -4*h + 22 = -2*g. Suppose -4*m = h*w - 2357, 2*m + 3 = 3*m. Is w a prime number?
False
Suppose -3*k = 15, -l + 0*l = -5*k - 4. Let h be ((-54)/l)/((-6)/(-28)). Suppose h = f - 19. Is f composite?
False
Let h(x) = 33*x - 11. Let a(b) = 67*b - 22. Let w(r) = 3*a(r) - 7*h(r). Is w(-12) a composite number?
True
Suppose 0 = -s - 3*k + 121, -89 + 240 = s - 3*k. Is 5402/34 - (-16)/s prime?
False
Suppose -4*t - 272 - 300 = 0. Let j = t + 444. Is j a prime number?
False
Let w = -2 + 1. Let h be (15/(-12))/(w/(-28)). Let m = 49 + h. Is m composite?
True
Let o(m) = -1. Let g(u) = 24*u + 4. Let b(w) = -g(w) - 3*o(w). Is b(-2) composite?
False
Let o(u) = u**3 + 2 + 0*u**3 - 6*u**2 + 0*u**2. Let w be o(6). Is w*13*7/2 prime?
False
Suppose 0 = -2*k + 77 + 185. Is k a composite number?
False
Let q = 42 + -74. Let s = q - -47. Is s composite?
True
Let x(l) be the third derivative of l**6/180 - 7*l**5/120 - l**4/12 + l**3/6 + 2*l**2. Let b(f) be the first derivative of x(f). Is b(-7) a prime number?
False
Let l(f) = -f**3 + 7*f**2 - 7*f + 8. Suppose -k + 6 = -0*k. Let d be l(k). Suppose 4*g = -d + 94. Is g prime?
True
Let z be 1/(-1)*(-6 - -11). Let c(w) = -w**3 - 4*w**2 + 6*w + 6. Let s be c(z). Is ((-3)/(-3))/(s/19) a composite number?
False
Suppose q + 109 = 2*q. Is q a prime number?
True
Suppose -v = 2*v - 3777. Is v a composite number?
False
Let a(d) = 2*d**2 - 7*d - 4. Let l be a(6). Let t be 30/4*l/1. Suppose -3*b + t = -0*b. Is b a composite number?
True
Let z(g) = -g**2 - 5*g + 13. Let a be z(-9). Suppose 4*c = 5*n - 168, -n + c + 34 = -0*n. Let j = n + a. Is j composite?
True
Let y be ((-2)/6)/(3/(-45)). Suppose 0 = -i + y*i - 844. Is i a prime number?
True
Is 88862/22 + 24/(-132) prime?
False
Suppose -3*s = 2*i - 611, -3*s - s - 618 = -2*i. Is i a composite number?
False
Suppose -4*s - 82 = -5*s. Is s prime?
False
Let y(k) = -10*k**2 + 2*k - 7. Let p(l) = 1. Let b be 2/(0 - (1 + 1)). Let g(w) = b*y(w) - 6*p(w). Is g(2) prime?
True
Let x(l) be the third derivative of 0*l + l**2 + 0 + 1/2*l**3 + 1/6*l**4. Is x(8) a prime number?
False
Suppose -2*j + 1393 + 768 = 3*w, -2*j = -2*w + 1424. Suppose 3*o + m - 1474 + 356 = 0, 2*o - w = 5*m. Is o a prime number?
False
Suppose 0 = 5*i + 2*w - 6, 0*i + 2 = -i - 2*w. Suppose 3*b = 5*g - 692, 3*g - b - i*b = 414. Is g a prime number?
True
Suppose 5*b = -x + 3*b - 8, 12 = -4*x - 3*b. Suppose x = -3*d + 12 + 3. Suppose 37 = d*m + 7. Is m composite?
True
Let v(p) = 38*p**2 - 3*p - 2. Let c be v(-2). Suppose c + 51 = 3*i. Is i a prime number?
False
Is 268/2*3/6 composite?
False
Let c be (-9)/(-4) - (-9)/12. Let t be 0/c - 2*-1. Is (0 - -19) + (2 - t) a composite number?
False
Let c = -169 + 570. Is c prime?
True
Suppose 3*v - 31 = 5. Let d be 4982/v - 1/6. Suppose 0 = -2*z + 7*z - d. Is z prime?
True
Suppose 0 = -11*j + 12*j - 571. Is j a prime number?
True
Let b be (-28)/16 - (-3)/4. Is (-4)/(-8)*(297 - b) a prime number?
True
Let r(c) = -5*c**3 - 2*c**2 - 3*c + 1. Let d be 1/(-5) - (-238)/(-85). Is r(d) prime?
True
Suppose -5*i = -4*l + 35, -2*l - 3*i + 50 = i. Let c be 98/(-10) - 3/l. Is ((-6)/c)/((-3)/(-15)) a prime number?
True
Suppose -24*d = -26*d + 29018. Is d a composite number?
True
Is (-127 - (-6 + 6))/(-2 + 1) a prime number?
True
Suppose 5*l - 1006 = 1629. Is l prime?
False
Suppose z - 3*z = -6058. Is z prime?
False
Let a(r) be the first derivative of 3*r**2 - 5*r + 3. Let u be a(8). Let g = 92 - u. Is g a composite number?
True
Let w(k) = 11*k + 5. Is w(7) a prime number?
False
Let w(j) = j**2 - 5*j - 11. Is w(9) a composite number?
True
Suppose 3*p - 272 = p. Let m = p - -50. Suppose -3*n + m = 3*v, -4*n = -0*n - 3*v - 269. Is n a composite number?
True
Let n(d) = -d**3 + 14*d**2 + 5*d - 16. Is n(13) a composite number?
True
Is 8825/13 - (-4)/26 composite?
True
Suppose 4*l + 13 = -3*u, -3*u - 2*l = -